st the prime factors of 125016377.
37, 199, 16979
What are the prime factors of 146297571?
3, 7, 6966551
List the prime factors of 140143312.
2, 29, 31, 9743
What are the prime factors of 35848813?
7, 11, 13, 59, 607
List the prime factors of 32109422.
2, 16054711
What are the prime factors of 58469864?
2, 23, 317771
List the prime factors of 1436627846.
2, 2467, 291169
List the prime factors of 4922093714.
2, 149, 421, 39233
List the prime factors of 242641070.
2, 5, 7, 709, 4889
List the prime factors of 41116511.
509, 80779
List the prime factors of 43968401.
4759, 9239
List the prime factors of 86937976.
2, 23, 20543
What are the prime factors of 89553503?
13, 6888731
What are the prime factors of 164277907?
164277907
What are the prime factors of 2898642399?
3, 966214133
List the prime factors of 112891471.
7, 11, 1466123
List the prime factors of 28662504.
2, 3, 13, 91867
List the prime factors of 887245560.
2, 3, 5, 2464571
List the prime factors of 29429152.
2, 181, 5081
What are the prime factors of 714464729?
11, 17, 41, 93187
What are the prime factors of 55487970?
2, 3, 5, 151, 1361
What are the prime factors of 3253423874?
2, 83, 197, 99487
What are the prime factors of 17941829?
17941829
What are the prime factors of 829769722?
2, 4759, 87179
What are the prime factors of 32700904?
2, 4087613
List the prime factors of 58967853.
3, 7, 53, 52981
What are the prime factors of 187889210?
2, 5, 18788921
What are the prime factors of 25216627?
17, 1483331
What are the prime factors of 3430858545?
3, 5, 307, 82781
List the prime factors of 1046696659.
1061, 986519
List the prime factors of 1575278934.
2, 3, 262546489
List the prime factors of 37501348.
2, 71, 132047
List the prime factors of 4808946997.
53, 509, 178261
List the prime factors of 458672655.
3, 5, 7, 4368311
What are the prime factors of 53860861?
53860861
List the prime factors of 738020034.
2, 3, 109, 193, 1949
What are the prime factors of 945755476?
2, 19, 103, 120817
List the prime factors of 230149943.
3109, 74027
What are the prime factors of 2043253269?
3, 1741, 14489
What are the prime factors of 1437880180?
2, 5, 11, 6535819
List the prime factors of 5910397859.
43, 137451113
What are the prime factors of 1119886960?
2, 5, 13998587
List the prime factors of 3072774936.
2, 3, 7, 11, 1662757
List the prime factors of 95785173.
3, 11, 29, 337
List the prime factors of 3652499838.
2, 3, 13, 46826921
List the prime factors of 612687.
3, 131, 1559
What are the prime factors of 694491957?
3, 77165773
List the prime factors of 198995305.
5, 109, 365129
List the prime factors of 2837174370.
2, 3, 5, 17, 5563087
What are the prime factors of 31455838?
2, 83, 189493
What are the prime factors of 16688836?
2, 101, 409
What are the prime factors of 19230997?
53, 491, 739
What are the prime factors of 678023726?
2, 9029, 37547
What are the prime factors of 4298867899?
14891, 288689
List the prime factors of 2788342285.
5, 241, 2313977
What are the prime factors of 267223656?
2, 3, 7, 227231
What are the prime factors of 9016924019?
167, 739, 73063
List the prime factors of 32157635.
5, 47, 136841
List the prime factors of 71111306.
2, 7, 17, 29, 10303
List the prime factors of 17389874.
2, 337, 25801
What are the prime factors of 125101187?
19, 2287, 2879
List the prime factors of 82776109.
13, 6367393
List the prime factors of 10778888.
2, 73, 18457
List the prime factors of 302939316.
2, 3, 31, 271451
List the prime factors of 439395267.
3, 146465089
List the prime factors of 23699596.
2, 73, 81163
What are the prime factors of 354529935?
3, 5, 23, 83, 4127
What are the prime factors of 39522981?
3, 13174327
List the prime factors of 42401028.
2, 3, 73, 97, 499
List the prime factors of 151851731.
53, 54059
List the prime factors of 33545171.
11, 457, 6673
List the prime factors of 218070514.
2, 53, 101, 20369
List the prime factors of 406109850.
2, 3, 5, 23, 53, 2221
List the prime factors of 28492978.
2, 61, 233549
List the prime factors of 36172173.
3, 97, 124303
What are the prime factors of 83838725?
5, 31, 108179
List the prime factors of 44490913.
19, 1061, 2207
List the prime factors of 145004036.
2, 37, 979757
What are the prime factors of 120194292?
2, 3, 83, 120677
List the prime factors of 940783337.
13, 53, 83, 16451
List the prime factors of 666098740.
2, 5, 3833, 8689
List the prime factors of 111059658.
2, 3, 6169981
List the prime factors of 1554451753.
1554451753
What are the prime factors of 1267335299?
151, 8392949
List the prime factors of 15351050.
2, 5, 11, 13, 19, 113
What are the prime factors of 7184886428?
2, 47, 2179, 17539
What are the prime factors of 118760448?
2, 3, 67, 577
What are the prime factors of 333248939?
79, 227, 18583
List the prime factors of 917102866.
2, 1993, 230081
What are the prime factors of 110218458?
2, 3, 7, 241, 10889
List the prime factors of 4984108621.
193, 25824397
What are the prime factors of 1002901921?
7, 9791, 14633
What are the prime factors of 1068424322?
2, 7, 29, 109, 3449
List the prime factors of 7883662684.
2, 157, 12553603
What are the prime factors of 204141609?
3, 7, 79, 41017
What are the prime factors of 354324?
2, 3, 29527
What are the prime factors of 1149917401?
347, 3313883
What are the prime factors of 35654858?
2, 47, 379307
List the prime factors of 51133569.
3, 17, 1002619
List the prime factors of 181610811.
3, 20178979
List the prime factors of 331556778.
2, 3, 7, 37, 71119
List the prime factors of 536302240.
2, 5, 61, 54949
List the prime factors of 1506525877.
1506525877
List the prime factors of 184863822.
2, 3, 11, 13, 215459
List the prime factors of 1384340923.
7, 17, 40253
What are the prime factors of 67540178?
2, 137, 246497
What are the prime factors of 68372348?
2, 11, 1171, 1327
List the prime factors of 145523223.
3, 19, 43, 733
List the prime factors of 17651820.
2, 3, 5, 67, 4391
List the prime factors of 19677073.
13, 1513621
List the prime factors of 1381197943.
1381197943
What are the prime factors of 11408251?
433, 26347
What are the prime factors of 394792378?
2, 23, 31, 251, 1103
List the prime factors of 245332344.
2, 3, 29, 352489
What are the prime factors of 1907702847?
3, 19, 101, 4091
What are the prime factors of 44337091?
79, 561229
What are the prime factors of 395547637?
251, 1575887
List the prime factors of 57864625.
5, 7, 13, 5087
What are the prime factors of 94876696?
2, 1847, 6421
List the prime factors of 218251608.
2, 3, 9093817
List the prime factors of 2023608589.
2023608589
List the prime factors of 426222790.
2, 5, 7, 47, 353, 367
List the prime factors of 398353200.
2, 3, 5, 7, 47, 1009
What are the prime factors of 298927918?
2, 23, 521, 12473
What are the prime factors of 964942047?
3, 5507, 19469
List the prime factors of 208304722.
2, 104152361
List the prime factors of 1427420678.
2, 101, 7066439
List the prime factors of 3238279388.
2, 23, 353, 99713
List the prime factors of 6454000019.
31, 61, 397, 8597
List the prime factors of 54731735.
5, 47, 232901
List the prime factors of 654032794.
2, 37, 137, 64513
What are the prime factors of 3524988?
2, 3, 293749
What are the prime factors of 4715373117?
3, 7, 13, 29, 487, 1223
List the prime factors of 159363669.
3, 457, 116239
List the prime factors of 602386927.
29, 101, 205663
List the prime factors of 721061260.
2, 5, 41, 879343
What are the prime factors of 2023548224?
2, 31617941
List the prime factors of 57871570.
2, 5, 17, 47, 7243
List the prime factors of 1676255584.
2, 43, 1218209
List the prime factors of 7778601984.
2, 3, 269, 9413
What are the prime factors of 92409650?
2, 5, 1848193
What are the prime factors of 254095749?
3, 409, 69029
List the prime factors of 3388720138.
2, 1694360069
List the prime factors of 188102367.
3, 127, 164569
What are the prime factors of 119053027?
673, 176899
What are the prime factors of 74536576?
2, 582317
List the prime factors of 32109373.
19, 1689967
What are the prime factors of 172833305?
5, 17, 331, 6143
List the prime factors of 1164231313.
7, 47, 3538697
What are the prime factors of 378251563?
19, 443, 44939
List the prime factors of 2030809868.
2, 17, 41, 359, 2029
List the prime factors of 59040348.
2, 3, 281, 17509
What are the 